alculate b(-3).
-42
Let f(t) = -t - 17. Calculate f(-3).
-14
Let d(j) = j - 15. Determine d(11).
-4
Let f(p) = p**3 - 46*p**2 - 2*p + 112. Give f(46).
20
Let u(p) = 2*p**2 - 21*p - 46. Give u(12).
-10
Let o(r) = -r + 17. Give o(0).
17
Let f(a) = -30*a**2 + 4*a + 4. What is f(-1)?
-30
Let u(y) = -y + 37. Determine u(47).
-10
Let q(u) = u**3 + 9*u**2 + u + 22. Give q(-9).
13
Let x(g) = -g - 2. What is x(-10)?
8
Let m(a) = -5*a - 14. Give m(-4).
6
Let t(s) = 21*s + 169. Calculate t(-7).
22
Let u(a) = -a**2 + 28*a - 40. What is u(26)?
12
Let l(t) = -5*t - 9. Calculate l(7).
-44
Let a(b) = b**2 - b + 41. What is a(0)?
41
Let p(n) = -25*n**2 + 8*n - 6. What is p(1)?
-23
Let q(t) = t**3 + 3*t**2 - 7*t - 5. Calculate q(-4).
7
Let x(m) = 18*m**2 - 12*m + 7. Determine x(1).
13
Let l(h) = -16*h - 37. Determine l(-3).
11
Let g(j) = 7*j. Determine g(1).
7
Let o(g) = -92*g + 11. Determine o(1).
-81
Let z(r) = 3*r**2 - 7*r - 6. Give z(4).
14
Let t(a) = a**3 - 4*a**2 - a - 5. Give t(5).
15
Let n(x) = -x**2 - 3. Give n(4).
-19
Let k(l) = 3*l**2 + 27. Give k(0).
27
Let c(o) = o**3 + 36*o**2 - 73*o + 88. What is c(-38)?
-26
Let v(w) = -35*w + 186. Give v(6).
-24
Let r(u) = -u**3 - 23*u**2 + 20*u - 85. What is r(-24)?
11
Let q(h) = 29*h + 821. Determine q(-28).
9
Let c(x) = x - 4. What is c(8)?
4
Let m(n) = -8*n - 23. Determine m(-5).
17
Let q(o) = -o**2 + 17*o - 31. Give q(10).
39
Let i(a) = -36*a**3 + 2*a**2 + 2*a + 1. Determine i(-1).
37
Let o(v) = 50*v - 598. What is o(12)?
2
Let b(u) = 29*u + 36. Give b(-2).
-22
Let u(y) = -y**3 + 10*y**2 - 12*y + 20. Give u(9).
-7
Let r(l) = -4*l + 16. Calculate r(-8).
48
Let h(o) = 37*o + 137. Calculate h(-4).
-11
Let a(d) = d**3 + 15*d**2 - 17*d + 34. Determine a(-16).
50
Let n(j) = -j - 21. What is n(-16)?
-5
Let w(a) = -13*a**2 - 13*a - 1. Give w(-1).
-1
Let r(n) = -15*n**2 - 8*n - 9. Give r(-2).
-53
Let g(u) = u**2 - 7*u + 11. What is g(7)?
11
Let q(m) = 2*m**3 - 2*m**2 - 3*m. Calculate q(0).
0
Let h(s) = -2*s - 50. Determine h(-22).
-6
Let h(s) = -2*s - 12. Calculate h(-7).
2
Let n(t) = -2*t**2 - 9*t - 9. Calculate n(-2).
1
Let c(h) = -h**2 - 12*h + 2. What is c(-13)?
-11
Let q(p) = -2*p**3 + 14*p**2 - 7*p - 14. Give q(7).
-63
Let n(t) = -t + 44. What is n(-19)?
63
Let h(z) = -z - 27. Calculate h(8).
-35
Let v(y) = 2*y + 19. Give v(-8).
3
Let c(w) = -6*w**2 + 5*w - 3. Give c(3).
-42
Let h(s) = s**3 - 7*s**2 + 6*s + 7. What is h(6)?
7
Let x(j) = -30*j + 183. Determine x(6).
3
Let r(s) = -7*s + 3. What is r(6)?
-39
Let p(d) = 9*d**2 - 63*d. Determine p(7).
0
Let f(m) = -m + 2. Determine f(-5).
7
Let a(h) = -2*h**2 - 3*h + 3. What is a(-4)?
-17
Let y(t) = t**3 - 5*t**2 - 19*t + 2. Give y(5).
-93
Let h(t) = 22*t**3 - t**2 - t. Calculate h(1).
20
Let s(v) = 7*v**2 - 3*v - 3. Determine s(-1).
7
Let c(b) = -6*b**2 + 5*b - 2. Calculate c(-4).
-118
Let x(h) = -14*h - 3. Calculate x(-1).
11
Let b(y) = y**3 - 24*y**2 - 21*y - 88. What is b(25)?
12
Let v(a) = 50*a**2 - 3*a + 2. Determine v(1).
49
Let t(z) = z**3 + 8*z**2 - 9*z - 6. What is t(-9)?
-6
Let l(p) = p**3 - 10*p**2 + 18*p + 7. What is l(8)?
23
Let k(r) = -r**2 + 13*r - 5. What is k(7)?
37
Let d(c) = -c**3 - 5*c**2 - 7*c - 3. Calculate d(-3).
0
Let d(m) = 11*m + 1. Give d(2).
23
Let g(q) = 25*q + 7. What is g(-2)?
-43
Let b(u) = u**3 + 29*u**2 - 33*u - 79. Determine b(-30).
11
Let x(h) = h**3 - 3*h**2 - 6*h + 12. Give x(3).
-6
Let c(k) = -50*k + 46. Give c(1).
-4
Let h(b) = -4*b**2 - 3*b. Calculate h(-2).
-10
Let o(t) = t**2 - 4*t - 10. Give o(6).
2
Let y(b) = -9*b + 9. Give y(2).
-9
Let p(y) = 3*y**3 + 4*y**2 + 2*y - 1. Give p(-2).
-13
Let c(k) = 3*k**3 + 3*k**2 + 6*k + 1. Calculate c(-3).
-71
Let g(n) = -n**2 + 4*n - 12. What is g(4)?
-12
Let m(l) = 21*l - 38. What is m(0)?
-38
Let p(i) = -8*i - 78. Give p(-9).
-6
Let z(l) = -l**2 - 16*l - 27. Give z(-12).
21
Let c(p) = p**3 - 4*p**2 - 6*p - 2. What is c(5)?
-7
Let h(a) = a**2 - 8*a - 47. Give h(13).
18
Let v(b) = 2*b - 175. Give v(0).
-175
Let t(s) = -s**3 + 11*s**2 - 10*s - 12. Calculate t(10).
-12
Let f(r) = 2*r**2 - 10*r + 14. Calculate f(3).
2
Let a(n) = n**2 - 20*n + 114. Determine a(13).
23
Let r(b) = b - 11. Calculate r(5).
-6
Let f(c) = -10*c + 202. Calculate f(20).
2
Let c(q) = -2*q**3 + 16*q**2 - 13*q - 14. Give c(7).
-7
Let r(p) = p + 16. Calculate r(-7).
9
Let b(q) = q**3 - 5*q**2 - 5*q - 10. What is b(5)?
-35
Let s(n) = n**2 + 24*n + 24. Calculate s(-17).
-95
Let w(z) = 2*z - 111. Calculate w(55).
-1
Let d(x) = x**3 - 7*x**2 + 13*x - 3. Give d(5).
12
Let p(y) = 4*y - 78. Calculate p(21).
6
Let x(s) = -4*s**2 - 15*s + 22. Calculate x(-5).
-3
Let u(m) = -m + 8. Give u(-4).
12
Let c(z) = -z**2 - 7*z - 9. What is c(-6)?
-3
Let m(k) = k**3 + 16*k**2 - 21*k + 3. Determine m(-17).
71
Let f(m) = m + 5. Give f(-6).
-1
Let g(n) = n - 24. What is g(6)?
-18
Let f(l) = 2*l + 3. Calculate f(4).
11
Let n(i) = i**3 + 11*i**2 - 12*i - 1. What is n(-12)?
-1
Let t(y) = -19*y + 93. What is t(5)?
-2
Let p(n) = -n**2 - 17*n - 20. Calculate p(-17).
-20
Let l(p) = p**3 - 28*p**2 + 25*p + 35. What is l(27)?
-19
Let w(x) = -x - 45. What is w(8)?
-53
Let u(j) = -37*j + 283. What is u(8)?
-13
Let f(o) = -6*o - 13. Give f(7).
-55
Let r(l) = -l**2 + 34*l - 34. Determine r(34).
-34
Let z(t) = t**2 + 11*t + 13. What is z(-5)?
-17
Let a(f) = f**2 + 17*f + 3. Calculate a(-16).
-13
Let o(f) = 3*f**3 - 3*f - 2. Calculate o(-2).
-20
Let o(d) = -11*d**3 - d + 1. Calculate o(1).
-11
Let p(v) = -v**3 - 12*v**2 + 37*v + 24. Give p(-15).
144
Let i(o) = -o**3 + 14*o**2 - 14*o - 2. What is i(13)?
-15
Let a(k) = 9*k - 1. Determine a(2).
17
Let t(x) = -x**2 + 7*x - 5. Calculate t(2).
5
Let d(u) = u + 3. Determine d(-9).
-6
Let r(c) = 57*c**2 - c + 2. Determine r(1).
58
Let b(j) = j**3 - 9*j**2 + 9*j - 1. What is b(7)?
-36
Let o(k) = k**3 + 15*k**2 + 2*k + 3. Calculate o(-15).
-27
Let d(c) = -c**3 - 8*c**2 + 8*c + 8. What is d(-9)?
17
Let w(m) = m**2 - 12*m + 10. Determine w(8).
-22
Let f(x) = -3*x**2 - 98*x - 159. What is f(-31)?
-4
Let v(j) = 3*j + 9. Give v(1).
12
Let c(l) = l**3 - 3*l**2 + 3*l - 6. Determine c(3).
3
Let b(g) = g**2 - 17*g - 2. What is b(17)?
-2
Let w(u) = u**3 + 13*u**2 + 6. What is w(-13)?
6
Let r(q) = -2*q + 2. What is r(1)?
0
Let x(w) = -w**2 - 27*w - 174. Determine x(-9).
-12
Let c(k) = 7*k**3 + k**2 + k + 1. Determine c(-2).
-53
Let d(q) = -18*q**3 + q**2 - 2*q + 2. Determine d(1).
-17
Let z(x) = 46*x**2 - x - 2. What is z(-1)?
45
Let f(g) = g**3 + 15*g**2 + 13*g + 5. Determine f(-14).
19
Let w(v) = -v**3 - 18*v**2 - 15*v + 32. Determine w(-17).
-2
Let q(p) = p**3 - 19*p**2 - 20*p - 21. Determine q(20).
-21
Let s(c) = c**3 + 27*c**2 - 88*c + 63. Determine s(-30).
3
Let v(c) = 10*c**3 + 2*c**2 - 1. Give v(1).
11
Let l(g) = -g**3 - 14*g**2 - 18*g - 2. Give l(-13).
63
Let g(n) = -24*n**2 + n + 1. Determine g(-1).
-24
Let x(f) = f**3 - 21*f**2 + 97*f + 31. What is x(14)?
17
Let j(f) = -10*f - 10. Give j(-6).
50
Let n(z) = -5*z**3 - 4*z - 3. Calculate n(-2).
45
Let j(f) = -f**2 + 9*f + 5. Calculate j(7).
19
Let x(u) = 14*u**3 - u**2 + 1. Determine x(1).
14
Let b(w) = w**3 + w - 37. Calculate b(0).
-37
Let r(j) = j**2 - 5*j + 10. Determine r(5).
10
Let v(w) = -w + 10. Calculate v(11).
-1
Let i(n) = 18*n**2 - 8*n + 1. Determine i(1).
11
Let n(h) = 2*h + 6. What is n(-4)?
-2
Let h(j) = -21*j - 66. Give h(-3).
-3
Let c(v) = -v**3 + 6*v**2 + 9*v - 4. Determine c(6).
50
Let r(x) = -x + 3. Determine r(-4).
7
Let u(m) = 17*m**2 + 3*m + 3. Determine u(-1).
17
Let s(r) = r**2 - r - 2. Give s(2).
0
Let j(n) = n + 2. Determine j(6).
8
Let f(t) = t**3 - 9*t**2 + 4*t - 3. What is f(8)?
-35
Let d(j) = 2*j**2 - 4*j - 38. Determine d(5).
-8
Let a(d) = -d**3 + 5*d**2 + 4*d - 5. What is a(-3)?
55
Let i(r) = -2*r**2 + 7*r + 69. Calculate i(8).
-3
Let u(w) = -w**3 + 26*w**2 - 2*w - 47. Determine u(26).
-99
Let d(m) = -8*m - 9. Determine d(-2).
7
Let z(g) = -g**3 - 6*g**2 - 2*g - 3. Calculate z(-6).
9
Let d(c) = -c**3 + 3*c**2 - 5*c - 5. What is d(4)?
-41
Let h(m) = 2*m**3 - 68*m**2 + 127*m + 36. Determine h(32).
4
Let y(b) = -2*b**2 + 20*b + 16. Give y(12).
-32
Let c(a) = a**2 - 11*a - 10. Determine c(11).
-10
Let j(y) = 11*y - 8. What is j(6)?
58
Let h(r) = 2*r**2 - 51*r + 31. What is h(25)?
6
Let y(k) = -3*k**2 + 87*k + 8. What is y(29)?
8
Let 